{"id":8934,"date":"2020-11-22T13:20:14","date_gmt":"2020-11-22T11:20:14","guid":{"rendered":"http:\/\/scbournak2.propc.cz\/?page_id=8934"},"modified":"2020-11-23T23:13:50","modified_gmt":"2020-11-23T21:13:50","slug":"historie","status":"publish","type":"page","link":"https:\/\/www.scbournak.cz\/index.php\/historie\/","title":{"rendered":"Historie ly\u017eov\u00e1n\u00ed na Bou\u0159\u0148\u00e1ku"},"content":{"rendered":"\n<p class=\"ticss-f04bd102\">Vrchol Bou\u0159\u0148\u00e1k je se sv\u00fdmi 896 m. n. m. druhou nejvy\u0161\u0161\u00ed horou Teplicka. Na Bou\u0159\u0148\u00e1ku je ly\u017ea\u0159sk\u00e9 st\u0159edisko. \u010cesk\u00fd n\u00e1zev Bou\u0159\u0148\u00e1k dal tomuto kopci Karel L\u00edm, kter\u00fd byl na za\u010d\u00e1tku 20. stolet\u00ed v Kru\u0161n\u00fdch hor\u00e1ch prvn\u00edm \u010desk\u00fdm ly\u017ea\u0159em a zaslou\u017eil se o stavbu prvn\u00ed \u010desk\u00e9 chaty v Kru\u0161n\u00fdch hor\u00e1ch.<\/p>\n\n\n\n<p class=\"has-text-align-center has-large-font-size\"><img loading=\"lazy\" width=\"660\" height=\"419\" class=\"alignnone size-full wp-image-8974\" src=\"http:\/\/scbournak2.propc.cz\/wp-content\/uploads\/2020\/11\/bournak.jpg\" alt=\"Bou\u0159\u0148\u00e1k\"><\/p>\n\n\n\n<p class=\"has-large-font-size\">Historick\u00fd v\u00fdvoj ud\u00e1lost\u00ed na Bou\u0159\u0148\u00e1ku<\/p>\n\n\n\n<p class=\"ticss-eba6e340\">Spousty informac\u00ed jste si p\u0159e\u010detli v novin\u00e1ch, o spoust\u011b informac\u00edch se mluvilo v televizi a rozhlase.<\/p>\n\n\n\n<p class=\"ticss-5d5b845b\">Cht\u011bl bych, aby jste si ud\u011blali obr\u00e1zek o tom, jak \u0161el \u010das v tomto kr\u00e1sn\u00e9m ly\u017ea\u0159sk\u00e9m st\u0159edisku. Omlouv\u00e1m se, jestli nebudou data jednotliv\u00fdch z\u00e1sadn\u00edch ud\u00e1lost\u00ed \u00fapln\u011b p\u0159esn\u00e1, ale to nehraje, a\u017e tak velkou roli.<\/p>\n\n\n\n<p class=\"has-medium-font-size\">Minul\u00fd re\u017eim<\/p>\n\n\n\n<p class=\"ticss-07a9af2f\">Ly\u017ea\u0159sk\u00e9 st\u0159edisko na Bou\u0159\u0148\u00e1ku a v Mikulov\u011b se buduje od konce 50. let minul\u00e9ho stolet\u00ed. V\u0161echny vleky a jejich stanice, v\u0161echny sjezdovky a jejich n\u00e1stupy, v\u0161echny spojovac\u00ed cesty mezi sjezdovkami jsou vybudov\u00e1ny p\u0159ed r. 1989.<\/p>\n\n\n\n<p class=\"ticss-356d20d6\">V\u0161echny vleky byly logicky p\u0159ivedeny do nejvy\u0161\u0161\u00edch m\u00edst Bou\u0159\u0148\u00e1ku a nikdo ne\u0159e\u0161il, \u017ee konce 3 vlek\u016f a za\u010d\u00e1tky sjezdovek jsou na ciz\u00edch pozemc\u00edch, pozemky byly p\u0159ece st\u00e1tu\u2026, tak nikdo (logicky) nevid\u011bl mo\u017en\u00fd probl\u00e9m.<\/p>\n\n\n\n<p class=\"ticss-36173286\">V\u0161echny vleky byly \u0159\u00e1dn\u011b zkolaudov\u00e1ny a povolen jejich provoz a p\u0159evedeny do majetku TJ Lokomotiva Teplice, kter\u00e1 je po celou dobu provozovala, starala se o n\u011b.<\/p>\n\n\n\n<p class=\"has-medium-font-size\">Revoluce a devades\u00e1t\u00e1 l\u00e9ta<\/p>\n\n\n\n<p>V roce 1989 prob\u011bhla \u201eSametov\u00e1 revoluce\u201c.<\/p>\n\n\n\n<p class=\"ticss-d45300ef\">V roce 1991 \u2013 st\u00e1t p\u0159ev\u00e1d\u00ed majetky na subjekty, kter\u00e9 tyto majetky provozovaly a nevztahoval se na n\u011b nap\u0159. restitu\u010dn\u00ed n\u00e1rok atd. St\u00e1t p\u0159ev\u00e1d\u00ed hotel Bou\u0159\u0148\u00e1k + pozemky na Jednotu Teplice spot\u0159ebn\u00ed dru\u017estvo. Ano, jsou to ty pozemky, kde se vybudovaly vleky a jsou za\u010d\u00e1tky sjezdovek.<\/p>\n\n\n\n<p class=\"ticss-ff35b929\">Zde nast\u00e1v\u00e1 nejv\u011bt\u0161\u00ed chyba &#8211; ze strany st\u00e1tu a org\u00e1n\u016f, kter\u00e9 p\u0159ev\u00e1d\u011bly tyto nemovitosti, ze strany Jednoty Teplice s.d. nebo ze strany TJ Lokomotiva Teplice ?? Nezapsala se v\u011bcn\u00e1 b\u0159emena na vleky, sjezdovky, na cel\u00fd provoz tohoto zimn\u00edho are\u00e1lu na dot\u010den\u00fdch pozemc\u00edch. Nebo se nap\u0159. tyto pozemky mohly odkoupit atd.<\/p>\n\n\n\n<p class=\"ticss-2b2b65c6\">V roce 1994 \u2013 Jednota Teplice s.d. prod\u00e1v\u00e1 hotel Bou\u0159\u0148\u00e1k + pozemky firm\u011b Pecud s.r.o., kter\u00fd provozuje hotel a nikdo ne\u0159e\u0161\u00ed probl\u00e9m na pozemc\u00edch. Je podepsan\u00e1 jak\u00e1si dohoda o spolupr\u00e1ci. Pecud s.r.o. nechce n\u00e1jem, pouze chce, aby st\u0159edisko fungovalo, aby ly\u017ea\u0159i mohli v pohod\u011b vyu\u017e\u00edvat slu\u017eeb hotelu.<\/p>\n\n\n\n<p class=\"has-medium-font-size\">Vznik Sport Centra Bou\u0159\u0148\u00e1k o.p.s.<\/p>\n\n\n\n<p class=\"ticss-0434429c\">V roce 2000 vznik\u00e1 Sport Centrum Bou\u0159\u0148\u00e1k o.p.s. Jsou zde 3 zakladatel\u00e9: TJ Lokomotiva Teplice, obec Mikulov a obec Moldava. St\u00e1le nen\u00ed vy\u0159e\u0161en probl\u00e9m s pozemky&#8230; Spr\u00e1vn\u00ed rada je podle vlo\u017een\u00e9ho majetku : 4 &#8211; TJ Lokomotiva Teplice, 1 \u2013 Mikulov, 1 &#8211; Moldava.<\/p>\n\n\n\n<p>V roce 2004 firma Pecud s.r.o. prod\u00e1v\u00e1 hotel + pozemky JUDr. Hale\u0161icovi, kter\u00fd do roku 2006 op\u011bt ne\u0159e\u0161\u00ed n\u00e1jem se SCB.<\/p>\n\n\n\n<p class=\"has-medium-font-size\">Probl\u00e9m s pozemky<\/p>\n\n\n\n<p class=\"ticss-2d53c486\">V roce 2007 \u2013 JUDr. Hale\u0161ic oznamuje Spr\u00e1vn\u00ed rad\u011b SCB, \u017ee SCB podnik\u00e1 na ciz\u00edch pozemc\u00edch a po dohadech se ob\u011b strany domlouvaj\u00ed na \u010d\u00e1stce 200 tis. K\u010d\/ rok.<\/p>\n\n\n\n<p>N\u00e1sleduj\u00edc\u00ed 3 sez\u00f3ny \u2013 2007\/2008, 2008\/2009 a 2009\/2010 je n\u00e1jem 200 tis. K\u010d\/rok.<\/p>\n\n\n\n<p>V roce 2010 \u2013 JUDr. Hale\u0161ic prod\u00e1v\u00e1 hotel + pozemky firm\u011b Skimmer a.s.<\/p>\n\n\n\n<p class=\"ticss-566806ad\">Na p\u0159elomu let 2010\/2011 &#8211; firma Skimmer a.s. oznamuje Spr\u00e1vn\u00ed rad\u011b SCB, \u017ee chce n\u00e1jem ve v\u00fd\u0161i 1.2 mil K\u010d\/rok. Veden\u00ed SCB je zatla\u010deno \u201e do rohu\u201c t\u011bsn\u011b p\u0159ed za\u010d\u00e1tkem sez\u00f3ny a podepisuje.<\/p>\n\n\n\n<p>V roce 2010 se m\u011bn\u00ed pom\u011br ve Spr\u00e1vn\u00ed rad\u011b SCB a to: 2 \u2013 TJ Lokomotiva Teplice, 2 \u2013 Mikulov, 2 &#8211; Moldava.<\/p>\n\n\n\n<p>V sez\u00f3n\u011b 2011\/2012 je n\u00e1jem 1 mil. K\u010d\/rok, op\u011bt t\u011bsn\u011b p\u0159ed za\u010d\u00e1tkem sez\u00f3ny.<\/p>\n\n\n\n<p class=\"has-medium-font-size\">Dal\u0161\u00ed v\u00fdvoj<\/p>\n\n\n\n<p class=\"ticss-4391f815\">Mezi lety 2012\/2013 je za podivn\u00fdch d\u016fvod\u016f, o kter\u00fdch nev\u011bd\u011bla Spr\u00e1vn\u00ed rada SCB, podepsan\u00e1 nov\u00fdm \u0159editelem (p. Tvrd\u00edk \u2013 t\u00e9\u017e m\u00edstostarosta Moldavy) podn\u00e1jemn\u00ed smlouva s firmou JI Consulting s.r.o. Tuto skute\u010dnost se Spr\u00e1vn\u00ed rada SCB dozv\u00edd\u00e1 a\u017e na konci zimn\u00ed sez\u00f3ny \u2013 b\u0159ezen 2013. N\u00e1jem je 800 tis. K\u010d\/rok.<\/p>\n\n\n\n<p class=\"ticss-c25a891e\">Spekulace pro\u010d je podepsan\u00e1 podn\u00e1jemn\u00ed smlouva a ne n\u00e1jemn\u00ed, pro\u010d to necht\u011bl p. Tvrd\u00edk ozn\u00e1mit Spr\u00e1vn\u00ed rad\u011b SCB, pro\u010d se podepisuj\u00ed n\u00e1jemn\u00ed smlouvy pouze na rok a ne na del\u0161\u00ed obdob\u00ed, pro\u010d nikdy nen\u00ed garantovan\u00e1 v\u00fd\u0161e n\u00e1jmu na dal\u0161\u00ed obdob\u00ed, jak je mo\u017en\u00e9, \u017ee n\u011bkter\u00e9 informace, kter\u00e9 \u0159e\u0161\u00ed Spr\u00e1vn\u00ed rada SCB se dost\u00e1vaj\u00ed na ve\u0159ejnost, v\u0161echny a dal\u0161\u00ed ot\u00e1zky nech\u00e1m jen na \u010dten\u00e1\u0159i t\u011bchto \u0159\u00e1dk\u016f.<\/p>\n\n\n\n<p class=\"ticss-1b75706c\">Ano, je pravda, \u017ee od r. 2010 se SC Bou\u0159\u0148\u00e1ku opravdu \u201e\u0161patn\u011b d\u00fdch\u00e1\u201c p\u0159i pln\u011bn\u00ed v\u0161ech z\u00e1vazk\u016f spojen\u00fdch nejen s provozem, ale i pln\u011bn\u00edm n\u00e1jemn\u00edch smluv (hlavn\u011b od Skimmeru a.s.)<\/p>\n\n\n\n<p class=\"ticss-a8bcefb4\">N\u00e1jem v ly\u017ea\u0159sk\u00fdch are\u00e1lech podobn\u00e9ho charakteru je \u0159\u00e1dov\u011b n\u011bkde mezi 3 \u2013 5 K\u010d\/m2 (v m\u00edst\u011b a \u010dase obvykl\u00e9). N\u00e1jem od Skimmeru a.s je n\u011bkde mezi 70 \u2013 90 K\u010d \/m2.<\/p>\n\n\n\n<p>V \u010dervnu 2013 odstupuj\u00ed dva zakladatel\u00e9 SCB, obce Mikulov a Moldavan. Z\u016fst\u00e1v\u00e1 pouze jeden \u2013 TJ Lokomotiva Teplice.<\/p>\n\n\n\n<p class=\"ticss-f1909c45\">Zimn\u00ed sez\u00f3na 2013\/2014 byla nejhor\u0161\u00ed sez\u00f3nou od zalo\u017een\u00ed SCB o.p.s., nejen d\u00edky nejhor\u0161\u00edmu po\u010das\u00ed (napadlo max. 15 cm p\u0159\u00edrodn\u00edho sn\u011bhu), ale hlavn\u011b vyvrcholen\u00edm majetko-pr\u00e1vn\u00edch spor\u016f s majitely pozemk\u016f.<\/p>\n\n\n\n<p class=\"has-medium-font-size\">Nov\u00fd investor<\/p>\n\n\n\n<p class=\"ticss-4ec9100a\">V z\u00e1\u0159\u00ed 2014 se po cca 5 m\u011bs\u00ed\u010dn\u00edm jedn\u00e1n\u00ed poda\u0159ilo uzav\u0159\u00edt smlouvu s nov\u00fdm investorem, kter\u00fdm se staly brat\u0159i Bendovy (Ing.Petr Benda a Mgr. Jan Benda).<\/p>\n\n\n\n<p class=\"ticss-72d2709b\">Byla podeps\u00e1na nov\u00e1 n\u00e1jemn\u00ed smlouva s majitelem pozemk\u016f pod v\u0161emi sjezdovkami &#8211; s TJ Lokomotivou Teplice o.s. na 10+10 let. Nov\u00fd zakladatel uznal dluh SCB a zav\u00e1zal se tento dluh postupn\u011b umo\u0159it a z\u00e1rove\u0148 investovat nemal\u00e9 pen\u00edze do rozjezdu nov\u00e9 sez\u00f3ny 2014\/2015.<\/p>\n\n\n\n<p>&nbsp;<\/p>\n","protected":false},"excerpt":{"rendered":"<p>Vrchol Bou\u0159\u0148\u00e1k je se sv\u00fdmi 896 m. n. m. druhou nejvy\u0161\u0161\u00ed horou Teplicka. Na Bou\u0159\u0148\u00e1ku je ly\u017ea\u0159sk\u00e9 st\u0159edisko. \u010cesk\u00fd n\u00e1zev Bou\u0159\u0148\u00e1k dal tomuto kopci Karel L\u00edm, kter\u00fd byl na za\u010d\u00e1tku 20. stolet\u00ed v Kru\u0161n\u00fdch hor\u00e1ch prvn\u00edm \u010desk\u00fdm ly\u017ea\u0159em a zaslou\u017eil se o stavbu prvn\u00ed \u010desk\u00e9 chaty v Kru\u0161n\u00fdch hor\u00e1ch. Historick\u00fd v\u00fdvoj ud\u00e1lost\u00ed na Bou\u0159\u0148\u00e1ku Spousty [&hellip;]<\/p>\n","protected":false},"author":1,"featured_media":0,"parent":0,"menu_order":0,"comment_status":"closed","ping_status":"closed","template":"","meta":{"ngg_post_thumbnail":0},"_links":{"self":[{"href":"https:\/\/www.scbournak.cz\/index.php\/wp-json\/wp\/v2\/pages\/8934"}],"collection":[{"href":"https:\/\/www.scbournak.cz\/index.php\/wp-json\/wp\/v2\/pages"}],"about":[{"href":"https:\/\/www.scbournak.cz\/index.php\/wp-json\/wp\/v2\/types\/page"}],"author":[{"embeddable":true,"href":"https:\/\/www.scbournak.cz\/index.php\/wp-json\/wp\/v2\/users\/1"}],"replies":[{"embeddable":true,"href":"https:\/\/www.scbournak.cz\/index.php\/wp-json\/wp\/v2\/comments?post=8934"}],"version-history":[{"count":5,"href":"https:\/\/www.scbournak.cz\/index.php\/wp-json\/wp\/v2\/pages\/8934\/revisions"}],"predecessor-version":[{"id":9007,"href":"https:\/\/www.scbournak.cz\/index.php\/wp-json\/wp\/v2\/pages\/8934\/revisions\/9007"}],"wp:attachment":[{"href":"https:\/\/www.scbournak.cz\/index.php\/wp-json\/wp\/v2\/media?parent=8934"}],"curies":[{"name":"wp","href":"https:\/\/api.w.org\/{rel}","templated":true}]}}